 - (0 + 3).
-21
(-1 - -3) + 0 - (-25 + -18 - -43)
2
Calculate 5 + -17 + 11 - -6.
5
What is the value of 4 - (1 + -14 - (142 + -145))?
14
What is 2 + 20 + -61 + 24?
-15
What is the value of (-19 - -5) + 3 + 15?
4
(-2 - ((1 - -4) + -14)) + 1
8
Calculate -13 + (2 + 5 - -6).
0
Evaluate (22 - 6) + -2 + -31 + 52.
35
What is the value of 2 - 1 - (1 + 6)?
-6
What is (28 - 7) + (-1 - 13)?
7
-49 + (-5 - -24) + -1
-31
2 + (19 + -25 - (9 - 4)) - 1
-10
Calculate -4 + (4 - 2) - (-30 + 74 + -52).
6
What is (1 - -6) + -113 + 104 - (7 + -6)?
-3
Evaluate (-27 + 12 - -12) + (4 - 3).
-2
Evaluate (-137 - -115) + 3 + 14.
-5
Evaluate (-1 - (-19 + 0)) + (-568 - -565).
15
What is the value of -8 - (24 + -3 + -16)?
-13
Calculate -134 + 151 - (-1 + 3).
15
Evaluate 0 + (1 + 2 - -9) - 19.
-7
Evaluate 39 + -1 - (3 - -5) - 0.
30
What is 29 + (26 - (43 - -24))?
-12
Evaluate (-21 - (-2 + -1)) + 10.
-8
What is -7 - ((-4 - 2) + 14 + -15 + 1)?
-1
Calculate -9 + 5 - ((3 + 0 - -1) + -4).
-4
Calculate (2 - 1 - 8) + 10 - (15 - -1).
-13
What is the value of 15 + (-15 + 7 - (-11 - -1))?
17
Evaluate 2 - (-2 - -2) - (-59 + 67).
-6
Evaluate -25 + (24 - (-13 - -19)).
-7
What is (-9 + 17 + -18 - 5) + 11 + -1?
-5
1 + -25 - (0 - 4) - -7
-13
What is -21 - (2 - (-15 + 30))?
-8
Evaluate 8 + (-15 - 0) + 8 - 17.
-16
9 + -4 + (3 - -1) + -1
8
What is (2 - (-4 + 2) - (5 - 0)) + 1?
0
Calculate 4 + 11 - (22 - 14).
7
(0 - 2) + (-7 - (13 + (-10 - 0)))
-12
-7 - (-5 - 10 - 3 - -6) - 4
1
-6 + -6 + (20 - (2 - 1)) + 2
9
Calculate (0 - 2) + (14 - 1 - (-153 + 127)).
37
Evaluate (25 + -56 - 2) + 12 - (-2 + 13).
-32
Calculate (4 - -1 - (-17 + 8 - 29)) + -12.
31
Calculate 13 + (-3 - -39) - 30.
19
-23 + 16 + 12 - (1 + -2)
6
Evaluate 29 + -36 + -6 - -31.
18
-22 - (1 + -5 + -1 + -4)
-13
Calculate 12 - (5 + -4 + -1 - -6).
6
What is 5 - (8 - 1 - ((-20 - -26) + -5))?
-1
Calculate -5 + 5 + (-3 - -8) - (0 + 1).
4
What is -15 + (12 - -11) + 2 + -31?
-21
What is (-18 - -27) + (-8 - -4) - (21 + 1)?
-17
Calculate (3 - -1 - (-7 + 6 - 0)) + -4.
1
Calculate (5 - -5) + -3 + -1 - 10.
-4
-6 - (-15 - (23 + -11 + -30))
-9
What is 21 + -6 - 28 - 2?
-15
-6 - (-20 - (-7 + -4) - -5)
-2
-30 + (23 + -20 + -12 - -2)
-37
What is the value of -16 + 3 + 25 + -9 + 20?
23
Calculate -26 - -10 - (9 - 22 - -15).
-18
Evaluate (-6 - -14) + -8 - -2 - (-7 - 0).
9
Evaluate 14 + 3 + (-18 - -14) + -7.
6
What is the value of -19 - (-11 + -8) - 1?
-1
Calculate 18 - (-15 - -22 - -17 - 17).
11
Evaluate (-9 - -70) + -49 - (-2 + 2 + 13).
-1
Calculate -554 - -596 - (23 - -1).
18
Calculate -6 + 6 + 5 + (9 - 8 - 7).
-1
What is the value of 62 + -47 - (22 + -5)?
-2
Evaluate (6 + (18 - 18) - (-3 + -3)) + 7.
19
What is the value of 12 - (-16 + 22 + 19)?
-13
Calculate 8 - (36 + -25) - 5.
-8
What is -59 - (-19 - 4) - -22?
-14
Evaluate (13 - 13) + -7 + 3 + 10.
6
What is (3 - (-20 + 17)) + (-1 - 16 - -1)?
-10
What is the value of (-22 - (2 - 1)) + (-52 - -5 - -53)?
-17
-2 + 6 + -4 + 6 + 3
9
11 + (-24 - -10) + -2 - (-1 + 3)
-7
Calculate (5 + -5 - -1) + -8 + -6.
-13
-14 - ((18 - 2) + -31)
1
Calculate 31 + (-18 + -1 - 0).
12
Calculate (10 - 8 - (18 + -2)) + (24 - 27).
-17
What is the value of -2 - (11 + -1 - 9 - -1)?
-4
Calculate -20 + (0 - (1 + -2)) + 23 + -20.
-16
What is (-15 - (1 - 13) - -4) + -1 + 0?
0
What is the value of 21 + (-17 - (4 - -3))?
-3
What is -1 + -1 + 12 + 0 + -7?
3
What is the value of (-5 - 19 - -15) + 8 - 0?
-1
Evaluate -8 - (4 - 1 - 23) - 8 - -2.
6
3 + 0 - (-586 - -613)
-24
14 - 2 - 17 - 22
-27
What is -130 + 127 + -5 + 23?
15
What is 7 - (27 - (12 - (9 - 5)))?
-12
Evaluate 9 - ((-1 - -7) + (-4 - -4)).
3
Evaluate -21 - (-5 - (10 - 6) - -10) - 2.
-24
What is (-22 - -2) + -87 + 102?
-5
What is (-2 - 4 - -1) + (-57 - (-63 - 5))?
6
What is -6 - ((14 - (5 + -2)) + -4 + -6)?
-7
Calculate (-7 - (-6 + 3)) + -2 - -14.
8
-16 + 2 - (11 + (-14 - -6) - 7)
-10
What is -41 + (4 - 2 - (3 - -4)) + 14?
-32
What is the value of (6 - (3 + (2 - (-8 - -4)))) + -14?
-17
53 + 21 + -37 + -37
0
Calculate 0 + (18 - 26) + 6.
-2
What is (-1 + 1 - 9) + (-15 - (9 - 15))?
-18
What is -19 - (-12 + 6 + (0 - -1 - 1))?
-13
What is the value of 15 + (3 + 7 - 6 - 5)?
14
Calculate 0 + 1 + (8 - (5 - (5 + -7))).
2
Evaluate 14 + -31 + (7 - -6).
-4
Evaluate 2 + -4 - (-1 + -3 - (102 + -111)).
-7
Evaluate 9 - (21 + -1 + 1).
-12
What is the value of 2 - 10 - -3 - 0 - -12 - -2?
9
-9 + (15 - 7) + -17 + -9
-27
What is -11 + -30 + 26 + 5?
-10
Evaluate 8 - (4 + 9 - -5).
-10
What is (48 - (-34 + 61)) + -3?
18
Calculate -4 + 4 - (8 + -36 + 13).
15
What is the value of -1 + 0 + 7 + (7181 - 7168)?
19
Calculate -3 + -4 + 1 + (-76 - -70).
-12
Evaluate 6 + -5 + (-6 + 0 - -2).
-3
57 + -66 + (-3 - -24)
12
Evaluate 18 + -1 + -13 + (-3 + 1 - -2).
4
What is the value of (-2 + 1 - (-28 + 24)) + -36 + 9?
-24
4 - 0 - 0 - 7 - 7
-10
What is the value of -12 + -4 + (6 - 7) - -9?
-8
What is -24 + (6 - 4) + (-11 - -11) + 3?
-19
Calculate (-3 - (0 - -1)) + (-2657 - -2672).
11
Calculate -8 + 8 + (-1 - 2) + 0 + 12.
9
What is 42 - (-8 - -11) - (0 - -18)?
21
What is the value of 0 + -11 + (-46 - -53)?
-4
Evaluate -20 - (-8 + 3) - ((7 - 11) + 9).
-20
15 - (4 + 12 + -12)
11
13 - (-3 - (-9 - -7))
14
What is (-1 - (2 + -12 + 3) - 11) + 4?
-1
What is the value of (-190 - -195) + -1 + -18?
-14
What is the value of (118 + -115 - (-1 + 5)) + -10?
-11
What is -19 + -1 + 43 + (-54 - -32)?
1
7 - (13 - (9 - 2)) - 3
-2
What is the value of (162 - 163) + (-2 - 9)?
-12
What is -14 - (-21 - -4 - 2)?
5
What is 26 + -11 + 19 + -23?
11
What is -4 - (91 + -86 + 1 + -13 + 2)?
1
2 + 3 + -10 + (-10 - -18) - -10
13
Evaluate (-115 + 114 - (-4 - (-1 + 2))) + -1.
3
What is 9 + 3 + -7 + 3 - (-6 + 4)?
10
What is the value of 2 - (1 + -6 - (3 - (19 + -3)))?
-6
What is -6 + (-2 - (-6 + 1 - (-12 + 20)))?
5
Calculate 8 + -17 + 6 + (-4 - 4).
-11
Calculate 0 - (7 + -9 + (6 - -2)).
-6
What is 16 - (9 + 0 + 1 + -2)?
8
What is the value of -17 - (9 + -4 + -21)?
-1
1 - ((-10 - -9 - -3) + 7)
-8
What is 9 - ((3 - 5) + 10 + 8 + -12)?
5
What is the value of (86 + -38 - 41) + (18 - 0)?
25
-11 + (-110 - -104) + 32 + 1
16
Evaluate -5 + 1 + (-127 - -126) - 3.
-8
Calculate 24 - ((1 + 5 + 3 - 0) + -4).
19
What is (32 - (-5 - -15)) + 2 + -15?
9
What is 27 + -23 + (9 - -10) + -9?
14
What is the value of (11 - 17) + (18 - 0) - (10 - 2)?
4
Evaluate 28 + (-23 - -10) + 11.
26
(-38 + 26 - -21) + -34
-25
Calculate (8 - 16) + (-1 - 2 - -9).
-2
6 - (-12 - -7) - (-2 - -14) - -29
28
What is -45 - -53 - (5 - (18 + -5 + 4))?
20
14 - 10 - (-14 + 19)
-1
Calculate 10 + 14 + -8 - 4.
12
What is the value of 8 - 2 - ((-4 - 1) + 1)?
10
What is (0 - (33 - (14 + 6))) + 0 + -2?
-15
What is the value of -1 + 22 + -7 + -1 + (-11 - -5)?
7
-2 + -1 + 18 + -9
6
Calculate -5 + 0 - -1 - (-710 - -722).
-16
What is the value of 1 + -18 + 115 + -125?
-27
3 + 11 + (-16 - -4)
2
What is 1 - (15 + 11 + -10)?
-15
What is 11 + -6 - (-11 + (-6 - -9))?
13
12 - (12 + -11 + 8) - 0 - -20
23
Evaluate 82 + -85 + 4 + -2 + -4.
-5
What is the value of (0 - (-39 + 16)) + -27?
-4
(64 - 134) + 72 + 0 + 2 + 8
12
What is the value of -1 + 6 + (-5 - -5 - 4) + 11?
12
What is (-8 - 8 - -51) + -11?
24
0 + (-4 - (-7 - (0 + -1))) - 3
-1
Evaluate -2 + (5 - (5 - 8)).
6
What is 0 - (-11 + 8 + -8 + 8) - 6?
-3
What is 34 - (1 + 13 + -56 + 45) - 6?
25
What is (-7 - (20 + -37)) + (5 + -2 - -15)?
28
What is the value of -34 + (21 - 17) - -27?
-3
Evaluate (5 - (-3 + (9 - 3))) + -32 + 34.
4
What is 6 + -1 + (-10 - -4) + 3?
2
What is the value of (-3 - 6) + 8 - (6 - (1 - 6))?
-12
-17 + 4 + (-40 - -42)
-11
What is -10 + 24 + 0 + -5 - (7 + -1)?
3
What is -25 - ((5 - 7) + -9 + -2)?
-12
What is 4 - (0 + (1 - -1) - 19 - -1)?
20
What is -1 + -4 + -4 + 2 + -6 + 8?
-5
Calculate 3 + (0 - 11 - (7 + (-3 - 3))).
-9
Evaluate (7 + 0 - -19) + -1.
25
Calculate 2 + 5 + -4 + 0 + -1.
2
Calculate ((0 - 0) + 2 - (-4 + 0)) + -13.
-7
What is the value of 11 - (-12 + 43 - 3)?
-17
Evaluate -8 + (15 + -11 - 7) - (-23 + 2).
10
What is -7 + (-13 - -4) + 14 + -10 + -1?
-13
Evaluate 0 - (1 - -5 - 0) - -13 - 5.
2
What is the value of (11 + 5 + -33 - -18) + -19?
-18
What is (3 - -3) + (-6 - 19)?
-19
6 - 0 - 5 - (-2 + 8) - -1
-4
Evaluate -8 + (-2 + -30 - (-7 + (15 - 10))).
-38
What is the value of -38 - -59 - (0 + (11 - 4))?
14
-22 + 37 + (-42 - -10)
-17
Calculate 10 + 5